(16).
27
Let k(x) = 17*x - 530. What is k(33)?
31
Let l(v) = v**3 - 67*v - 342. What is l(10)?
-12
Let n(q) = 3*q**2 - 19*q + 27. What is n(4)?
-1
Let a(p) = -4861*p + 9698. Calculate a(2).
-24
Let p(z) = 1280*z - 4876. Determine p(4).
244
Let h(d) = -d**3 + 64*d**2 + 426*d - 453. What is h(70)?
-33
Let c(o) = o**3 + 6*o**2 - 279*o + 22. Give c(-20).
2
Let c(u) = 83*u - 321. What is c(4)?
11
Let r(a) = -a**2 - 147*a - 3257. Determine r(-119).
75
Let k(c) = -685*c + 65072. What is k(95)?
-3
Let h(w) = -1768*w + 180344. Give h(102).
8
Let m(c) = -3*c**2 + 134*c - 790. Determine m(7).
1
Let k(j) = 9*j**2 + 60*j - 251. Calculate k(3).
10
Let h(k) = 41*k + 768. Give h(-19).
-11
Let k(c) = 22*c - 113. Calculate k(8).
63
Let x(z) = -z**2 + 2*z + 25. Give x(4).
17
Let t(q) = 9*q**2 + 8*q - 66. Calculate t(6).
306
Let i(o) = 43*o**2 - 2233*o - 77. Determine i(52).
79
Let y(i) = 205*i + 831. Give y(-4).
11
Let v(m) = -m**2 + 10*m - 7. Calculate v(6).
17
Let j(l) = -2*l**3 - 27*l**2 - 53*l + 4. Give j(-11).
-18
Let l(d) = -3*d**2 + 286*d - 409. Calculate l(94).
-33
Let i(v) = v**3 - 38*v**2 + 40*v - 128. Give i(37).
-17
Let i(d) = 2*d**3 + 38*d**2 + 34*d - 40. Calculate i(-18).
-4
Let m(x) = x**3 - 6*x**2 + 6*x - 53. Calculate m(6).
-17
Let d(i) = -108*i**3 - i**2 + 3*i + 3. Calculate d(-1).
107
Let s(a) = -616*a - 4331. Determine s(-7).
-19
Let q(o) = 47*o - 104. What is q(3)?
37
Let o(r) = r**2 - 7*r + 36. Calculate o(3).
24
Let x(c) = -20*c**2 - 8*c + 50. What is x(4)?
-302
Let k(v) = 8*v**2 + 69*v - 1. Calculate k(-8).
-41
Let k(i) = 31*i**2 - 2*i + 3. Determine k(1).
32
Let r(x) = -x**3 - 8*x**2 - 12*x + 2. Calculate r(-4).
-14
Let j(i) = i**3 + 7*i**2 - 24. What is j(-5)?
26
Let j(i) = -5*i**2 - 488*i + 197. What is j(-98)?
1
Let i(z) = -183*z - 167. Give i(-1).
16
Let h(p) = -6*p + 9. Determine h(8).
-39
Let u(p) = 3*p**2 + 20*p + 191. Determine u(-6).
179
Let u(r) = r**3 + 52*r**2 + 609*r - 94. Give u(-34).
8
Let b(u) = 30*u**2 + 1296*u + 224. Give b(-43).
-34
Let h(u) = -u**3 - 7*u**2 + 14*u + 70. Calculate h(-4).
-34
Let g(t) = -27*t + 206. Calculate g(16).
-226
Let m(o) = o**3 + 280*o**2 + 267*o - 3358. Calculate m(-279).
-10
Let b(q) = -67*q + 607. What is b(9)?
4
Let j(n) = -2*n**2 + 34*n - 11. What is j(18)?
-47
Let q(l) = -4*l**2 + 6*l + 17. Calculate q(6).
-91
Let n(g) = -g**2 - 17*g + 6. Determine n(0).
6
Let s(c) = -c**3 - 17*c**2 + 108*c - 28. Calculate s(-22).
16
Let b(l) = l**3 - 11*l**2 + l + 10. What is b(9)?
-143
Let n(c) = -c**3 - 180*c**2 + 7*c - 35. Determine n(0).
-35
Let t(g) = -g**3 + 11*g**2 + 96*g + 111. What is t(17)?
9
Let j(n) = -2261*n - 11293. What is j(-5)?
12
Let g(k) = -k**2 - 1443*k + 7241. Determine g(5).
1
Let o(y) = -288*y - 21273. Determine o(-74).
39
Let o(x) = 17*x + 611. Calculate o(7).
730
Let w(t) = 7*t**2 - 1074*t - 1694. Give w(155).
11
Let b(z) = z**2 + 70*z - 742. Calculate b(9).
-31
Let f(y) = -7*y + 235. Determine f(33).
4
Let z(k) = 189*k + 291. What is z(2)?
669
Let z(v) = -v**3 + 4*v**2 - 4*v - 20. Determine z(-3).
55
Let t(l) = l**2 - 14*l + 48. Determine t(8).
0
Let z(i) = -i**3 - 69*i**2 - 1206*i - 813. Determine z(-37).
1
Let j(l) = -l**3 + 23*l**2 - 24*l - 83. Give j(22).
-127
Let f(b) = 853*b + 40073. What is f(-47)?
-18
Let v(h) = -h**3 - 257*h**2 - 4304*h - 461. Give v(-239).
17
Let p(y) = -2*y**2 + 85*y + 361. What is p(-4)?
-11
Let o(b) = b**2 + 33*b + 102. Calculate o(-28).
-38
Let q(p) = p**3 - 62*p**2 - 166*p + 13841. Calculate q(61).
-6
Let m(l) = 10*l + 93. Calculate m(-10).
-7
Let n(l) = -150*l - 2799. Calculate n(-19).
51
Let t(q) = -16*q**3 - 207*q**2 + 15*q + 17. Give t(-13).
-9
Let s(z) = -15*z**2 + 135*z - 39. Give s(8).
81
Let m(d) = -d**2 + 78*d - 830. Give m(13).
15
Let i(y) = 7*y**2 + 38*y + 242. Give i(-7).
319
Let i(f) = -2*f**2 + 198*f + 2183. What is i(-10)?
3
Let l(d) = -d**2 + 55*d + 464. Calculate l(-7).
30
Let c(f) = -f**2 - 98*f + 4002. What is c(31)?
3
Let s(v) = v + 12. Give s(-31).
-19
Let s(c) = 9*c + 273. Give s(-26).
39
Let q(g) = 11*g**2 - 44*g - 126. Determine q(6).
6
Let y(x) = x**3 + 53*x**2 - 780*x - 25. What is y(-65)?
-25
Let a(q) = 17*q**2 - 417*q + 1398. What is a(4)?
2
Let h(n) = -13*n**3 + 9*n**2 - 27*n - 4. Determine h(3).
-355
Let y(n) = 77*n + 3200. Determine y(-42).
-34
Let x(p) = 13*p + 424. Give x(-29).
47
Let t(y) = y**2 - 71*y + 1062. What is t(21)?
12
Let a(v) = -93*v - 19607. Give a(-211).
16
Let b(i) = -5*i**2 + 20*i + 81. Determine b(-8).
-399
Let c(d) = -13*d + 9. Give c(20).
-251
Let s(a) = -631*a**2 + 8*a + 4. What is s(-1)?
-635
Let t(v) = v**2 + 41*v + 391. Calculate t(-19).
-27
Let u(c) = 2*c**2 - 110*c + 32. What is u(55)?
32
Let b(j) = -j**2 - 9*j - 18. Give b(-10).
-28
Let h(w) = w**3 + 12*w**2 + 3*w + 3. Determine h(-12).
-33
Let c(j) = -2*j**2 - 20*j - 117. Determine c(-6).
-69
Let c(r) = 51*r**2 + 209*r + 6. What is c(-4)?
-14
Let a(c) = 2*c**2 + 12*c - 56. Determine a(-8).
-24
Let y(n) = -35*n**3 + 212*n**2 - 17*n + 49. What is y(6)?
19
Let h(v) = -v**3 + 19*v**2 + 418*v - 62. Calculate h(32).
2
Let k(h) = -6*h**2 + 97*h + 251. Give k(-3).
-94
Let n(v) = -74*v - 1366. What is n(-18)?
-34
Let j(c) = -11*c**2 + 56*c + 724. Give j(11).
9
Let s(g) = 34141*g + 204850. Calculate s(-6).
4
Let g(k) = -k**3 - k**2 + 12*k - 14. What is g(-6)?
94
Let d(i) = -65*i - 238. Calculate d(-4).
22
Let p(r) = 8*r + 96. What is p(17)?
232
Let k(y) = -59*y + 28. Give k(-1).
87
Let p(c) = 29*c**3 - c**2 + 2*c - 3. Determine p(1).
27
Let d(c) = c**3 + 39*c**2 + 77*c + 78. What is d(-37)?
-33
Let u(q) = 33*q - 211. Give u(6).
-13
Let r(z) = -z**2 + 46*z + 532. Give r(-9).
37
Let g(q) = 6*q**2 - 5*q - 16. Calculate g(4).
60
Let o(l) = -2*l**2 + 457*l - 674. Determine o(227).
7
Let l(m) = -m + 101. Determine l(0).
101
Let p(f) = f**3 + 146*f**2 - 602*f - 306. Determine p(-150).
-6
Let y(a) = -a**3 + 23*a**2 - 28*a + 1371. Calculate y(24).
123
Let s(x) = -2*x**3 - 9*x**2 + 18*x + 62. Determine s(-5).
-3
Let h(f) = f**2 + 51*f + 658. Determine h(-25).
8
Let a(h) = 2*h**2 - 7*h - 267. Calculate a(13).
-20
Let o(h) = h**2 - 7*h + 5. Give o(4).
-7
Let y(o) = o**3 - 34*o**2 - o + 67. Determine y(34).
33
Let x(m) = -3011*m - 42157. Determine x(-14).
-3
Let g(a) = -962*a - 24051. Determine g(-25).
-1
Let p(q) = -360*q - 2154. Calculate p(-6).
6
Let m(d) = -3*d**3 - 35*d**2 + 25*d + 107. Give m(-12).
-49
Let z(q) = 3687*q - 14753. What is z(4)?
-5
Let n(c) = -2*c**2 + 170*c - 2336. Calculate n(17).
-24
Let o(l) = 3*l**2 + 72*l - 35. Calculate o(-24).
-35
Let a(p) = -23*p - 871. Calculate a(-38).
3
Let n(r) = r**3 + 4*r**2 - 142*r - 34. Calculate n(-14).
-6
Let u(z) = -21*z - 1263. Give u(-60).
-3
Let a(j) = 71*j + 420. What is a(-6)?
-6
Let k(q) = -q**3 + 18*q**2 - 32*q - 32. Give k(17).
-287
Let u(d) = 2*d**2 + 13*d - 134. Calculate u(4).
-50
Let x(u) = u**3 + 113*u**2 - 846*u + 36. Determine x(7).
-6
Let z(q) = 1407*q + 7037. What is z(-5)?
2
Let w(f) = 58*f - 1576. Give w(26).
-68
Let w(c) = -66*c + 393. What is w(11)?
-333
Let k(w) = -w - 98. Give k(12).
-110
Let t(q) = -q**3 + 39*q**2 - 7*q + 283. Calculate t(39).
10
Let i(v) = -8*v**2 + 2423*v - 6911. Give i(300).
-11
Let j(z) = z**3 - 45*z**2 - 209*z + 217. Give j(49).
-420
Let x(k) = k**2 + 311*k + 3303. Give x(-11).
3
Let q(c) = 19552*c - 19549. Give q(1).
3
Let g(n) = -24*n**2 + 1897*n - 86. Calculate g(79).
-7
Let k(v) = v**3 + 5*v**2 + 3*v + 31. Give k(-5).
16
Let f(x) = x**2 + 77*x - 873. Calculate f(10).
-3
Let h(i) = 3*i**2 - 30*i + 28. What is h(13)?
145
Let r(m) = 2*m**3 - 23*m**2 - 14*m + 28. Give r(12).
4
Let c(a) = -2*a**2 + 27*a - 23. Give c(13).
-10
Let v(a) = -43*a - 266. Determine v(-6).
-8
Let l(o) = o**3 - 28*o**2 - 57*o - 89. What is l(30)?
1
Let i(l) = 5*l**2 - 46*l + 69. Give i(7).
-8
Let x(w) = -6*w**2 - 69*w - 14. Give x(7).
-791
Let w(n) = -199*n - 595. Give w(-3).
2
Let i(o) = o**2 + 32*o + 321. What is i(-12)?
81
Let t(a) = a**3 + 162*a**2 + 584*a - 7583. Calculate t(-158).
1
Let z(p) = p**3 + 19*p**2 + 21*p + 119. What is z(-18)?
65
Let g(i) = 7*i**2 - 31*i + 156. Give g(10).
546
Let f(t) = 13*t + 41. What is f(13)?
210
Let f(k) = -k**3 - 26*k**2 - 2*k - 50. Calculate f(-26).
2
Let i(u) = 38*u**3 + 17*u**2 + 63*u - 2. Determine i(-3).
-1064
Let n(k) = 30*k**3 + 3*k**2